{"id":323,"date":"2023-06-14T14:10:11","date_gmt":"2023-06-14T12:10:11","guid":{"rendered":"https:\/\/outinord.fr\/site2023\/?page_id=323"},"modified":"2023-10-13T22:58:58","modified_gmt":"2023-10-13T20:58:58","slug":"france","status":"publish","type":"page","link":"https:\/\/outinord.fr\/?page_id=323","title":{"rendered":"Pr\u00e9sentation de OUTINORD"},"content":{"rendered":"\n<div class=\"wp-block-media-text is-stacked-on-mobile is-vertically-aligned-top\" style=\"grid-template-columns:36% auto\"><figure class=\"wp-block-media-text__media\"><img loading=\"lazy\" decoding=\"async\" width=\"561\" height=\"826\" src=\"https:\/\/outinord.fr\/wp-content\/uploads\/2023\/10\/Outinord_Microscope.png\" alt=\"\" class=\"wp-image-2477 size-full\" srcset=\"https:\/\/outinord.fr\/wp-content\/uploads\/2023\/10\/Outinord_Microscope.png 561w, https:\/\/outinord.fr\/wp-content\/uploads\/2023\/10\/Outinord_Microscope-204x300.png 204w\" sizes=\"auto, (max-width: 561px) 100vw, 561px\" \/><\/figure><div class=\"wp-block-media-text__content\">\n<p><\/p>\n\n\n\n<p style=\"font-size:22px\"><strong>Toujours visionnaire, OUTINORD privil\u00e9gie l\u2019innovation pour s\u2019inscrire dans l\u2019avenir.<\/strong><\/p>\n\n\n\n<p class=\"has-medium-font-size\">Charles BAUER cr\u00e9\u00e9 OUTINORD en 1955, avec pour objectif l\u2019industrialisation du b\u00e2timent. Tr\u00e8s vite le Coffrage Tunnel est utilis\u00e9 pour la construction de logements.<br>Ce fut un succ\u00e8s et le d\u00e9part de nombreuses r\u00e9alisations en France.<br>A partir de 1970, l\u2019exportation se d\u00e9veloppe en Europe, au Moyen Orient et aux USA.<br>OUTINORD devient le partenaire de nombreuses entreprises internationales, puis fait \u00e9voluer ses coffrages vers plus de s\u00e9curit\u00e9.<\/p>\n\n\n\n<p class=\"has-medium-font-size\"><\/p>\n\n\n\n<p class=\"has-medium-font-size\">Depuis l\u2019invention de la banche m\u00e9tallique, \u00e0 la conception de verrous imperdables et de peintures haute qualit\u00e9 cuites au four, les syst\u00e8mes constructifs sont \u00e9tudi\u00e9s pour \u00eatre \u00e0 la pointe du progr\u00e8s. Performants jusque dans les moindres d\u00e9tails, nos produits r\u00e9pondent depuis toujours aux besoins de grande capacit\u00e9 de production et sont appr\u00e9ci\u00e9s par les Professionnels de la construction.<\/p>\n\n\n\n<p class=\"has-medium-font-size\">OUTINORD m\u00e8ne une politique active afin d&rsquo;entretenir et enrichir un portefeuille de brevets.<\/p>\n\n\n\n<p><\/p>\n<\/div><\/div>\n\n\n\n<div class=\"wp-block-columns is-layout-flex wp-container-core-columns-is-layout-9d6595d7 wp-block-columns-is-layout-flex\">\n<div class=\"wp-block-column is-layout-flow wp-block-column-is-layout-flow\">\n<p><\/p>\n\n\n\n<p style=\"font-size:22px\"><strong>Performance et Efficacit\u00e9<\/strong><\/p>\n\n\n\n<p style=\"font-size:20px\">Ces syst\u00e8mes constructifs innovants  permettent de r\u00e9duire jusqu&rsquo;\u00e0 3 fois les d\u00e9lais par rapport aux constructions traditionnelles et d&rsquo;\u00e9conomiser sur les co\u00fbts de projet (plus de 20%), cela avec une qualit\u00e9 de finition in\u00e9gal\u00e9e.  <br><br>L\u2019essentiel de notre production est r\u00e9alis\u00e9 sur un ensemble industriel de plus de 5 hectares en France.<\/p>\n\n\n\n<p style=\"font-size:20px\">Les coffrages OUTINORD sont de fantastiques outils de productivit\u00e9. C\u2019est une des raisons de leur succ\u00e8s aupr\u00e8s des professionnels du b\u00e2timent. La recherche permanente d\u2019une meilleure ergonomie a permis de diminuer la p\u00e9nibilit\u00e9 du travail, tout en r\u00e9duisant les temps de mise en \u0153uvre et la dur\u00e9e de la construction.<br><br>L\u2019acier de haute qualit\u00e9 est utilis\u00e9 pour fabriquer les coffrages afin de garantir la qualit\u00e9 par l\u2019efficacit\u00e9 et la performance.&nbsp;<\/p>\n<\/div>\n\n\n\n<div class=\"wp-block-column is-vertically-aligned-center is-layout-flow wp-block-column-is-layout-flow\">\n<figure class=\"wp-block-embed is-type-video is-provider-youtube wp-block-embed-youtube wp-embed-aspect-16-9 wp-has-aspect-ratio\"><div class=\"wp-block-embed__wrapper\">\n<iframe loading=\"lazy\" title=\"Usine Outinord\" width=\"500\" height=\"281\" src=\"https:\/\/www.youtube.com\/embed\/ynRdwVl6J6I?feature=oembed\" frameborder=\"0\" allow=\"accelerometer; autoplay; clipboard-write; encrypted-media; gyroscope; picture-in-picture; web-share\" referrerpolicy=\"strict-origin-when-cross-origin\" allowfullscreen><\/iframe>\n<\/div><\/figure>\n<\/div>\n<\/div>\n\n\n\n<p class=\"has-medium-font-size\">Pour relever chaque jour, le d\u00e9fi de r\u00e9pondre aux besoins et exigences sp\u00e9cifiques des chantiers sur les 5 continents, OUTINORD organise la production autour de puissants outils informatiques . <br>La Robotisation, la D\u00e9coupe Laser garantissent la qualit\u00e9 des productions. <br>Cette capacit\u00e9 de production \u00e0 r\u00e9ponse rapide et un syst\u00e8me logistique international permet d&rsquo;acc\u00e9l\u00e9rer les livraisons.<\/p>\n\n\n\n<p style=\"font-size:22px\"><strong>S\u00e9curit\u00e9 et Environnement<\/strong><\/p>\n\n\n\n<p class=\"has-medium-font-size\">Partenaire technologique et pionnier de la s\u00e9curit\u00e9, OUTINORD collabore avec les organismes et les professionnels du b\u00e2timent \u00e0 l\u2019am\u00e9lioration des conditions de travail sur les chantiers. La conception de ses coffrages mets donc en priorit\u00e9 la productivit\u00e9 des chantiers et aussi la s\u00e9curit\u00e9 des utilisateurs. <\/p>\n\n\n\n<p class=\"has-medium-font-size\">Tous les coffrages OUTINORD sont \u00e9quip\u00e9s en s\u00e9rie de leurs propres \u00e9quipements de s\u00e9curit\u00e9,<br>(passerelles, \u00e9chelles, trappes de passerelles, &#8230;) conformes aux normes en vigueur, afin de s\u00e9curiser les intervenants dans leurs actions quotidiennes.<\/p>\n\n\n\n<p class=\"has-medium-font-size\">Nos mat\u00e9riels sont r\u00e9put\u00e9s pour leur grande stabilit\u00e9 dans la r\u00e9alisation de murs de grande  hauteur. OUTINORD d\u00e9tient un record avec une hauteur de 22,50 m.<\/p>\n\n\n\n<p class=\"has-medium-font-size\">En se sp\u00e9cialisant dans la fabrication de coffrages enti\u00e8rement m\u00e9talliques et recyclables pouvant assurer plus de 1000 r\u00e9emplois, OUTINORD se veut \u00e9galement respectueux de l&rsquo;environnement depuis plus de 60 ans.<\/p>\n\n\n\n<hr class=\"wp-block-separator has-alpha-channel-opacity\"\/>\n\n\n\n<div class=\"wp-block-columns is-layout-flex wp-container-core-columns-is-layout-9d6595d7 wp-block-columns-is-layout-flex\">\n<div class=\"wp-block-column is-layout-flow wp-block-column-is-layout-flow\">\n<p class=\"has-text-align-center has-luminous-vivid-orange-color has-text-color has-medium-font-size\"><strong>Nos R\u00e9alisations<\/strong><\/p>\n\n\n<div class=\"wp-block-image\">\n<figure class=\"aligncenter size-full is-resized\"><a href=\"https:\/\/outinord.fr\/?page_id=1993\"><img loading=\"lazy\" decoding=\"async\" width=\"261\" height=\"198\" src=\"https:\/\/outinord.fr\/wp-content\/uploads\/2023\/10\/murimagesplay.png\" alt=\"\" class=\"wp-image-2824\" style=\"width:261px;height:198px\"\/><\/a><\/figure>\n<\/div><\/div>\n\n\n\n<div class=\"wp-block-column is-layout-flow wp-block-column-is-layout-flow\">\n<p class=\"has-text-align-center has-luminous-vivid-orange-color has-text-color has-medium-font-size\"><strong>Nos Sites<\/strong><\/p>\n\n\n<div class=\"wp-block-image\">\n<figure class=\"aligncenter size-full\"><a href=\"https:\/\/outinord.fr\/?page_id=280\"><img loading=\"lazy\" decoding=\"async\" width=\"260\" height=\"200\" src=\"https:\/\/outinord.fr\/wp-content\/uploads\/2023\/10\/nossites-4.png\" alt=\"\" class=\"wp-image-2826\"\/><\/a><\/figure>\n<\/div><\/div>\n<\/div>\n\n\n\n<div class=\"wp-block-columns is-layout-flex wp-container-core-columns-is-layout-9d6595d7 wp-block-columns-is-layout-flex\"><\/div>\n\n\n\n<hr class=\"wp-block-separator has-alpha-channel-opacity\"\/>\n\n\n\n<p class=\"has-text-align-center\"><strong><em>Avec OUTINORD, pr\u00e9cision, recherche et r\u00e9activit\u00e9 se conjuguent avec le progr\u00e8s !<\/em><\/strong><\/p>\n\n\n<div class=\"wp-block-image\">\n<figure class=\"aligncenter size-full\"><img loading=\"lazy\" decoding=\"async\" width=\"996\" height=\"173\" src=\"https:\/\/outinord.fr\/wp-content\/uploads\/2023\/10\/Logo_PiedDePage-3-1.png\" alt=\"\" class=\"wp-image-2479\" srcset=\"https:\/\/outinord.fr\/wp-content\/uploads\/2023\/10\/Logo_PiedDePage-3-1.png 996w, https:\/\/outinord.fr\/wp-content\/uploads\/2023\/10\/Logo_PiedDePage-3-1-300x52.png 300w, https:\/\/outinord.fr\/wp-content\/uploads\/2023\/10\/Logo_PiedDePage-3-1-768x133.png 768w\" sizes=\"auto, (max-width: 996px) 100vw, 996px\" \/><\/figure>\n<\/div>","protected":false},"excerpt":{"rendered":"<p>Toujours visionnaire, OUTINORD privil\u00e9gie l\u2019innovation pour s\u2019inscrire dans l\u2019avenir. Charles BAUER cr\u00e9\u00e9 OUTINORD en 1955, avec pour objectif l\u2019industrialisation du b\u00e2timent. Tr\u00e8s vite le Coffrage Tunnel est utilis\u00e9 pour la construction de logements.Ce fut un succ\u00e8s et le d\u00e9part de nombreuses r\u00e9alisations en France.A partir de 1970, l\u2019exportation se d\u00e9veloppe en Europe, au Moyen Orient [&hellip;]<\/p>\n","protected":false},"author":1,"featured_media":0,"parent":0,"menu_order":0,"comment_status":"closed","ping_status":"closed","template":"fullwidth.php","meta":{"footnotes":""},"class_list":["post-323","page","type-page","status-publish","hentry"],"_links":{"self":[{"href":"https:\/\/outinord.fr\/index.php?rest_route=\/wp\/v2\/pages\/323","targetHints":{"allow":["GET"]}}],"collection":[{"href":"https:\/\/outinord.fr\/index.php?rest_route=\/wp\/v2\/pages"}],"about":[{"href":"https:\/\/outinord.fr\/index.php?rest_route=\/wp\/v2\/types\/page"}],"author":[{"embeddable":true,"href":"https:\/\/outinord.fr\/index.php?rest_route=\/wp\/v2\/users\/1"}],"replies":[{"embeddable":true,"href":"https:\/\/outinord.fr\/index.php?rest_route=%2Fwp%2Fv2%2Fcomments&post=323"}],"version-history":[{"count":99,"href":"https:\/\/outinord.fr\/index.php?rest_route=\/wp\/v2\/pages\/323\/revisions"}],"predecessor-version":[{"id":2984,"href":"https:\/\/outinord.fr\/index.php?rest_route=\/wp\/v2\/pages\/323\/revisions\/2984"}],"wp:attachment":[{"href":"https:\/\/outinord.fr\/index.php?rest_route=%2Fwp%2Fv2%2Fmedia&parent=323"}],"curies":[{"name":"wp","href":"https:\/\/api.w.org\/{rel}","templated":true}]}}