{"id":280,"date":"2023-10-02T10:14:11","date_gmt":"2023-10-02T08:14:11","guid":{"rendered":"https:\/\/outinord.fr\/site2023\/?page_id=280"},"modified":"2023-10-13T15:23:35","modified_gmt":"2023-10-13T13:23:35","slug":"nos-sites","status":"publish","type":"page","link":"https:\/\/outinord.fr\/?page_id=280","title":{"rendered":"Nos Sites"},"content":{"rendered":"\n<p class=\"has-black-color has-text-color\" style=\"font-size:25px\"><strong>Usine en France<\/strong><\/p>\n\n\n\n<div class=\"wp-block-media-text is-stacked-on-mobile\"><figure class=\"wp-block-media-text__media\"><img loading=\"lazy\" decoding=\"async\" width=\"981\" height=\"559\" src=\"https:\/\/outinord.fr\/wp-content\/uploads\/2023\/10\/usineoutinord-1.jpg\" alt=\"\" class=\"wp-image-2481 size-full\" srcset=\"https:\/\/outinord.fr\/wp-content\/uploads\/2023\/10\/usineoutinord-1.jpg 981w, https:\/\/outinord.fr\/wp-content\/uploads\/2023\/10\/usineoutinord-1-300x171.jpg 300w, https:\/\/outinord.fr\/wp-content\/uploads\/2023\/10\/usineoutinord-1-768x438.jpg 768w\" sizes=\"auto, (max-width: 981px) 100vw, 981px\" \/><\/figure><div class=\"wp-block-media-text__content\">\n<p class=\"has-black-color has-text-color has-medium-font-size\">OUTINORD dispose d&rsquo;une \u00ab\u00a0usine \u00e0 coffrages\u00a0\u00bb unique au monde, situ\u00e9e \u00e0 Saint-Amand-Les-Eaux, au coeur du premier Parc Naturel R\u00e9gional Fran\u00e7ais.<\/p>\n\n\n\n<p class=\"has-black-color has-text-color has-medium-font-size\"><br>Cette usine a une capacit\u00e9 de production de 200000 m\u00b2 de coffrages par an, enti\u00e8rement automatis\u00e9e, \u00e0 la pointe de la technologie et conforme \u00e0 la qualit\u00e9 ISO 9001.\u00a0<\/p>\n<\/div><\/div>\n\n\n\n<hr class=\"wp-block-separator has-alpha-channel-opacity\"\/>\n\n\n\n<p class=\"has-text-align-right has-black-color has-text-color\" style=\"font-size:25px\"><strong>Parc de mat\u00e9riaux<\/strong><\/p>\n\n\n\n<div class=\"wp-block-media-text has-media-on-the-right is-stacked-on-mobile\"><div class=\"wp-block-media-text__content\">\n<p class=\"has-black-color has-text-color has-medium-font-size\">Notre parc d&rsquo;\u00e9quipement, situ\u00e9 dans le sud de la France (Saint-Paul-Trois-Ch\u00e2teaux), traite toutes les demandes de mat\u00e9riaux et d&rsquo;accessoires suppl\u00e9mentaires afin de minimiser les d\u00e9lais de livraison partout en France.<\/p>\n<\/div><figure class=\"wp-block-media-text__media\"><img loading=\"lazy\" decoding=\"async\" width=\"980\" height=\"735\" src=\"https:\/\/outinord.fr\/wp-content\/uploads\/2023\/10\/site3chateaux-1.png\" alt=\"\" class=\"wp-image-2482 size-full\" srcset=\"https:\/\/outinord.fr\/wp-content\/uploads\/2023\/10\/site3chateaux-1.png 980w, https:\/\/outinord.fr\/wp-content\/uploads\/2023\/10\/site3chateaux-1-300x225.png 300w, https:\/\/outinord.fr\/wp-content\/uploads\/2023\/10\/site3chateaux-1-768x576.png 768w\" sizes=\"auto, (max-width: 980px) 100vw, 980px\" \/><\/figure><\/div>\n\n\n\n<div style=\"height:100px\" aria-hidden=\"true\" class=\"wp-block-spacer\"><\/div>\n\n\n\n<p class=\"has-black-color has-text-color has-large-font-size\"><strong>A l&rsquo;international<\/strong><\/p>\n\n\n\n<hr class=\"wp-block-separator has-alpha-channel-opacity\"\/>\n\n\n\n<p class=\"has-text-align-right has-black-color has-text-color\" style=\"font-size:25px\"><strong>Filiale<\/strong> <strong>Outinord USA<\/strong><\/p>\n\n\n\n<div class=\"wp-block-media-text has-media-on-the-right is-stacked-on-mobile\"><div class=\"wp-block-media-text__content\">\n<p class=\"has-black-color has-text-color has-medium-font-size\">Outinord Universal est une agence de commercialisation des produits Outinord pour l&rsquo;Am\u00e9rique du Nord ,Centrale et du Sud.<\/p>\n\n\n\n<p><a href=\"http:\/\/www.outinord.net\" data-type=\"link\" data-id=\"www.outinord.net\">www.outinord.net<\/a><\/p>\n<\/div><figure class=\"wp-block-media-text__media\"><img loading=\"lazy\" decoding=\"async\" width=\"951\" height=\"634\" src=\"https:\/\/outinord.fr\/wp-content\/uploads\/2023\/10\/south-street-img1.jpg\" alt=\"\" class=\"wp-image-2484 size-full\" srcset=\"https:\/\/outinord.fr\/wp-content\/uploads\/2023\/10\/south-street-img1.jpg 951w, https:\/\/outinord.fr\/wp-content\/uploads\/2023\/10\/south-street-img1-300x200.jpg 300w, https:\/\/outinord.fr\/wp-content\/uploads\/2023\/10\/south-street-img1-768x512.jpg 768w\" sizes=\"auto, (max-width: 951px) 100vw, 951px\" \/><\/figure><\/div>\n\n\n\n<hr class=\"wp-block-separator has-alpha-channel-opacity\"\/>\n\n\n\n<p class=\"has-black-color has-text-color\" style=\"font-size:25px\"><strong>Usine en Inde<\/strong><\/p>\n\n\n\n<div class=\"wp-block-media-text is-stacked-on-mobile\"><figure class=\"wp-block-media-text__media\"><img loading=\"lazy\" decoding=\"async\" width=\"980\" height=\"552\" src=\"https:\/\/outinord.fr\/wp-content\/uploads\/2023\/10\/usineoutinordinde-1.png\" alt=\"\" class=\"wp-image-2485 size-full\" srcset=\"https:\/\/outinord.fr\/wp-content\/uploads\/2023\/10\/usineoutinordinde-1.png 980w, https:\/\/outinord.fr\/wp-content\/uploads\/2023\/10\/usineoutinordinde-1-300x169.png 300w, https:\/\/outinord.fr\/wp-content\/uploads\/2023\/10\/usineoutinordinde-1-768x433.png 768w\" sizes=\"auto, (max-width: 980px) 100vw, 980px\" \/><\/figure><div class=\"wp-block-media-text__content\">\n<p class=\"has-black-color has-text-color has-medium-font-size\"><strong>Outinord Formwork PUNE<\/strong><br><em>Manufacturers of formworks systems<\/em>.<\/p>\n\n\n\n<p class=\"has-black-color has-text-color has-medium-font-size\">Un site de production de 5000 m\u00b2 et une capacit\u00e9 de 100 m\u00b2 avec ses 3 lignes de production. <\/p>\n\n\n\n<p><a href=\"http:\/\/www.outinord.in\" data-type=\"link\" data-id=\"www.outinord.in\">www.outinord.in<\/a><\/p>\n<\/div><\/div>\n\n\n\n<hr class=\"wp-block-separator has-alpha-channel-opacity\"\/>\n","protected":false},"excerpt":{"rendered":"<p>Usine en France OUTINORD dispose d&rsquo;une \u00ab\u00a0usine \u00e0 coffrages\u00a0\u00bb unique au monde, situ\u00e9e \u00e0 Saint-Amand-Les-Eaux, au coeur du premier Parc Naturel R\u00e9gional Fran\u00e7ais. Cette usine a une capacit\u00e9 de production de 200000 m\u00b2 de coffrages par an, enti\u00e8rement automatis\u00e9e, \u00e0 la pointe de la technologie et conforme \u00e0 la qualit\u00e9 ISO 9001.\u00a0 Parc de mat\u00e9riaux [&hellip;]<\/p>\n","protected":false},"author":1,"featured_media":0,"parent":0,"menu_order":0,"comment_status":"closed","ping_status":"closed","template":"fullwidth.php","meta":{"footnotes":""},"class_list":["post-280","page","type-page","status-publish","hentry"],"_links":{"self":[{"href":"https:\/\/outinord.fr\/index.php?rest_route=\/wp\/v2\/pages\/280","targetHints":{"allow":["GET"]}}],"collection":[{"href":"https:\/\/outinord.fr\/index.php?rest_route=\/wp\/v2\/pages"}],"about":[{"href":"https:\/\/outinord.fr\/index.php?rest_route=\/wp\/v2\/types\/page"}],"author":[{"embeddable":true,"href":"https:\/\/outinord.fr\/index.php?rest_route=\/wp\/v2\/users\/1"}],"replies":[{"embeddable":true,"href":"https:\/\/outinord.fr\/index.php?rest_route=%2Fwp%2Fv2%2Fcomments&post=280"}],"version-history":[{"count":62,"href":"https:\/\/outinord.fr\/index.php?rest_route=\/wp\/v2\/pages\/280\/revisions"}],"predecessor-version":[{"id":2937,"href":"https:\/\/outinord.fr\/index.php?rest_route=\/wp\/v2\/pages\/280\/revisions\/2937"}],"wp:attachment":[{"href":"https:\/\/outinord.fr\/index.php?rest_route=%2Fwp%2Fv2%2Fmedia&parent=280"}],"curies":[{"name":"wp","href":"https:\/\/api.w.org\/{rel}","templated":true}]}}