{"id":255,"date":"2023-06-14T12:44:04","date_gmt":"2023-06-14T10:44:04","guid":{"rendered":"https:\/\/outinord.fr\/site2023\/?page_id=255"},"modified":"2023-10-05T11:32:50","modified_gmt":"2023-10-05T09:32:50","slug":"standard","status":"publish","type":"page","link":"https:\/\/outinord.fr\/?page_id=255","title":{"rendered":"COFFRAGE TUNNEL DEMI COQUILLE STANDARD"},"content":{"rendered":"\n<p class=\"has-black-color has-text-color has-medium-font-size\"><strong>Un outil universel pour la r\u00e9alisation de structure monolitique de haute qualit\u00e9 la demi-coquille est constitu\u00e9e d&rsquo;un panneau horizontal et d&rsquo;un panneau vertical contrevent\u00e9s par deux contrefiches.<\/strong><\/p>\n\n\n\n<hr class=\"wp-block-separator has-alpha-channel-opacity\"\/>\n\n\n\n<div class=\"wp-block-media-text alignwide is-stacked-on-mobile is-vertically-aligned-top\"><figure class=\"wp-block-media-text__media\"><img loading=\"lazy\" decoding=\"async\" width=\"1024\" height=\"686\" src=\"https:\/\/outinord.fr\/site2023\/wp-content\/uploads\/2023\/06\/tunnelclassic-1024x686.png\" alt=\"\" class=\"wp-image-1006 size-full\" srcset=\"https:\/\/outinord.fr\/wp-content\/uploads\/2023\/06\/tunnelclassic-1024x686.png 1024w, https:\/\/outinord.fr\/wp-content\/uploads\/2023\/06\/tunnelclassic-300x201.png 300w, https:\/\/outinord.fr\/wp-content\/uploads\/2023\/06\/tunnelclassic-768x514.png 768w, https:\/\/outinord.fr\/wp-content\/uploads\/2023\/06\/tunnelclassic.png 1047w\" sizes=\"auto, (max-width: 1024px) 100vw, 1024px\" \/><\/figure><div class=\"wp-block-media-text__content\">\n<h2 class=\"wp-block-heading has-luminous-vivid-orange-color has-text-color\">Caract\u00e9ristiques : <\/h2>\n\n\n\n<ul class=\"wp-block-list\">\n<li class=\"has-medium-font-size\">Un outil universel.<\/li>\n\n\n\n<li class=\"has-medium-font-size\">R\u00e9alisation de structure monolithique.<\/li>\n\n\n\n<li class=\"has-medium-font-size\">Facilit\u00e9 de r\u00e9emploi.<\/li>\n\n\n\n<li class=\"has-medium-font-size\">Grande pr\u00e9cision dimensionnelle des structures.<\/li>\n\n\n\n<li class=\"has-medium-font-size\">Diminution des co\u00fbts de construction.<\/li>\n\n\n\n<li class=\"has-medium-font-size\">R\u00e9duction des d\u00e9lais.<\/li>\n\n\n\n<li class=\"has-medium-font-size\">Augmentation de la qualit\u00e9.<\/li>\n<\/ul>\n\n\n\n<div class=\"wp-block-buttons is-layout-flex wp-block-buttons-is-layout-flex\">\n<div class=\"wp-block-button\"><a class=\"wp-block-button__link has-luminous-vivid-orange-background-color has-background wp-element-button\" href=\"https:\/\/outinord.fr\/pdf\/tunnel.pdf\" target=\"_blank\" rel=\"noreferrer noopener\"><strong>Documentation compl\u00e8te en PDF<\/strong><\/a><\/div>\n<\/div>\n<\/div><\/div>\n\n\n\n<hr class=\"wp-block-separator has-alpha-channel-opacity\"\/>\n\n\n\n<figure class=\"wp-block-gallery has-nested-images columns-default is-cropped wp-block-gallery-1 is-layout-flex wp-block-gallery-is-layout-flex\">\n<figure class=\"wp-block-image size-large\"><a href=\"https:\/\/outinord.fr\/site2023\/wp-content\/uploads\/2023\/06\/tunnelclassic-1.png\" target=\"_blank\" rel=\"noreferrer noopener\"><img loading=\"lazy\" decoding=\"async\" width=\"1024\" height=\"576\" data-id=\"1015\" src=\"https:\/\/outinord.fr\/site2023\/wp-content\/uploads\/2023\/06\/tunnelclassic-1-1024x576.png\" alt=\"\" class=\"wp-image-1015\" srcset=\"https:\/\/outinord.fr\/wp-content\/uploads\/2023\/06\/tunnelclassic-1-1024x576.png 1024w, https:\/\/outinord.fr\/wp-content\/uploads\/2023\/06\/tunnelclassic-1-300x169.png 300w, https:\/\/outinord.fr\/wp-content\/uploads\/2023\/06\/tunnelclassic-1-768x432.png 768w, https:\/\/outinord.fr\/wp-content\/uploads\/2023\/06\/tunnelclassic-1-1536x864.png 1536w, https:\/\/outinord.fr\/wp-content\/uploads\/2023\/06\/tunnelclassic-1.png 1920w\" sizes=\"auto, (max-width: 1024px) 100vw, 1024px\" \/><\/a><\/figure>\n\n\n\n<figure class=\"wp-block-image size-large\"><a href=\"https:\/\/outinord.fr\/site2023\/wp-content\/uploads\/2023\/06\/tunnelclassic2.png\" target=\"_blank\" rel=\"noreferrer noopener\"><img loading=\"lazy\" decoding=\"async\" width=\"1024\" height=\"576\" data-id=\"1016\" src=\"https:\/\/outinord.fr\/site2023\/wp-content\/uploads\/2023\/06\/tunnelclassic2-1024x576.png\" alt=\"\" class=\"wp-image-1016\" srcset=\"https:\/\/outinord.fr\/wp-content\/uploads\/2023\/06\/tunnelclassic2-1024x576.png 1024w, https:\/\/outinord.fr\/wp-content\/uploads\/2023\/06\/tunnelclassic2-300x169.png 300w, https:\/\/outinord.fr\/wp-content\/uploads\/2023\/06\/tunnelclassic2-768x432.png 768w, https:\/\/outinord.fr\/wp-content\/uploads\/2023\/06\/tunnelclassic2-1536x864.png 1536w, https:\/\/outinord.fr\/wp-content\/uploads\/2023\/06\/tunnelclassic2.png 1920w\" sizes=\"auto, (max-width: 1024px) 100vw, 1024px\" \/><\/a><\/figure>\n<\/figure>\n\n\n\n<hr class=\"wp-block-separator has-alpha-channel-opacity\"\/>\n\n\n\n<p class=\"has-text-align-center\"><strong><em>Pour plus d&rsquo;informations sur nos produits, contactez-nous :<\/em><\/strong><\/p>\n\n\n\n<div class=\"wp-block-columns alignfull has-text-color has-background is-layout-flex wp-container-core-columns-is-layout-9d6595d7 wp-block-columns-is-layout-flex\" style=\"color:#000000;background-color:#ffffff\">\n<div class=\"wp-block-column is-layout-flow wp-block-column-is-layout-flow\">\n<div class=\"wp-block-buttons is-content-justification-center is-layout-flex wp-container-core-buttons-is-layout-16018d1d wp-block-buttons-is-layout-flex\">\n<div class=\"wp-block-button has-custom-width wp-block-button__width-100 has-custom-font-size is-style-outline is-style-outline--2\" style=\"font-size:16px\"><a class=\"wp-block-button__link has-luminous-vivid-orange-color has-white-background-color has-text-color has-background has-text-align-center wp-element-button\" href=\"https:\/\/outinord.fr\/?page_id=299\" style=\"border-radius:100px\"><strong>OUTINORD<\/strong><\/a><\/div>\n<\/div>\n\n\n\n<p class=\"has-text-align-center\">392 Rue de Millonfosse<br>59230 SAINT-AMAND-LES-EAUX<br>Tel : +33 (0)3 27 23 83 83<br><a href=\"mailto:outinord@outinord.fr\">outinord@outinord.fr<\/a><\/p>\n<\/div>\n\n\n\n<div class=\"wp-block-column is-layout-flow wp-block-column-is-layout-flow\">\n<div class=\"wp-block-buttons is-content-justification-center is-layout-flex wp-container-core-buttons-is-layout-16018d1d wp-block-buttons-is-layout-flex\">\n<div class=\"wp-block-button has-custom-width wp-block-button__width-100 has-custom-font-size is-style-outline is-style-outline--3\" style=\"font-size:16px\"><a class=\"wp-block-button__link has-luminous-vivid-orange-color has-text-color wp-element-button\" href=\"https:\/\/outinord.fr\/?page_id=299\" style=\"border-radius:100px\"><strong>OUTINORD LOCATION<\/strong><\/a><\/div>\n<\/div>\n\n\n\n<p class=\"has-text-align-center\">392 Rue de Millonfosse<br>59230 SAINT-AMAND-LES-EAUX<br>Tel : +33 (0)3 27 48 58 74<br><a href=\"mailto:outinord-location@outinord.fr\">outinord-location@outinord.fr<\/a><\/p>\n<\/div>\n\n\n\n<div class=\"wp-block-column is-layout-flow wp-block-column-is-layout-flow\">\n<div class=\"wp-block-buttons is-layout-flex wp-block-buttons-is-layout-flex\">\n<div class=\"wp-block-button has-custom-width wp-block-button__width-100 has-custom-font-size is-style-outline is-style-outline--4\" style=\"font-size:16px\"><a class=\"wp-block-button__link has-luminous-vivid-orange-color has-text-color wp-element-button\" href=\"https:\/\/outinord.net\/\" style=\"border-radius:100px\" target=\"_blank\" rel=\"noreferrer noopener\"><strong>OUTINORD UNIVERSAL<\/strong><\/a><\/div>\n<\/div>\n\n\n\n<p class=\"has-text-align-center\">20200 W Dixie Hwy. Ste 809<br>Miami, FL 33180 &#8211; USA<br>Tel : +1 (305) 604 3494<br><a href=\"mailto:oui@outinord.net\">oui@outinord.net<\/a><\/p>\n<\/div>\n<\/div>\n\n\n\n<p class=\"has-text-align-center\"><img loading=\"lazy\" decoding=\"async\" width=\"233\" height=\"44\" class=\"wp-image-2438\" style=\"width: 233px;\" src=\"https:\/\/outinord.fr\/wp-content\/uploads\/2023\/10\/hotline.png\" alt=\"\"><\/p>\n\n\n\n<hr class=\"wp-block-separator has-alpha-channel-opacity\"\/>\n","protected":false},"excerpt":{"rendered":"<p>Un outil universel pour la r\u00e9alisation de structure monolitique de haute qualit\u00e9 la demi-coquille est constitu\u00e9e d&rsquo;un panneau horizontal et d&rsquo;un panneau vertical contrevent\u00e9s par deux contrefiches. Pour plus d&rsquo;informations sur nos produits, contactez-nous : 392 Rue de Millonfosse59230 SAINT-AMAND-LES-EAUXTel : +33 (0)3 27 23 83 83outinord@outinord.fr 392 Rue de Millonfosse59230 SAINT-AMAND-LES-EAUXTel : +33 (0)3 [&hellip;]<\/p>\n","protected":false},"author":1,"featured_media":0,"parent":0,"menu_order":0,"comment_status":"closed","ping_status":"closed","template":"fullwidth.php","meta":{"footnotes":""},"class_list":["post-255","page","type-page","status-publish","hentry"],"_links":{"self":[{"href":"https:\/\/outinord.fr\/index.php?rest_route=\/wp\/v2\/pages\/255","targetHints":{"allow":["GET"]}}],"collection":[{"href":"https:\/\/outinord.fr\/index.php?rest_route=\/wp\/v2\/pages"}],"about":[{"href":"https:\/\/outinord.fr\/index.php?rest_route=\/wp\/v2\/types\/page"}],"author":[{"embeddable":true,"href":"https:\/\/outinord.fr\/index.php?rest_route=\/wp\/v2\/users\/1"}],"replies":[{"embeddable":true,"href":"https:\/\/outinord.fr\/index.php?rest_route=%2Fwp%2Fv2%2Fcomments&post=255"}],"version-history":[{"count":24,"href":"https:\/\/outinord.fr\/index.php?rest_route=\/wp\/v2\/pages\/255\/revisions"}],"predecessor-version":[{"id":2516,"href":"https:\/\/outinord.fr\/index.php?rest_route=\/wp\/v2\/pages\/255\/revisions\/2516"}],"wp:attachment":[{"href":"https:\/\/outinord.fr\/index.php?rest_route=%2Fwp%2Fv2%2Fmedia&parent=255"}],"curies":[{"name":"wp","href":"https:\/\/api.w.org\/{rel}","templated":true}]}}