{"id":117,"date":"2023-06-13T14:06:45","date_gmt":"2023-06-13T12:06:45","guid":{"rendered":"https:\/\/outinord.fr\/site2023\/?page_id=117"},"modified":"2023-10-23T10:50:42","modified_gmt":"2023-10-23T08:50:42","slug":"b10000","status":"publish","type":"page","link":"https:\/\/outinord.fr\/?page_id=117","title":{"rendered":"B10000"},"content":{"rendered":"\n<p class=\"has-black-color has-text-color has-medium-font-size\"><strong>La Banche B10000 est la banche nouvelle g\u00e9n\u00e9ration d\u2019OUTINORD, compatible avec la gamme B8000. Encore plus performante, elle int\u00e8gre des outils con\u00e7us pour vous permettre d\u2019accroitre la productivit\u00e9 de vos \u00e9quipes de chantier et du service mat\u00e9riel.<\/strong> <strong>Cette banche est con\u00e7ue dans un souci permanent d\u2019ergonomie et de s\u00e9curit\u00e9.<\/strong><\/p>\n\n\n\n<hr class=\"wp-block-separator has-alpha-channel-opacity\"\/>\n\n\n\n<div class=\"wp-block-group is-vertical is-layout-flex wp-container-core-group-is-layout-8cf370e7 wp-block-group-is-layout-flex\">\n<div class=\"wp-block-group alignwide has-black-color has-text-color\"><div class=\"wp-block-group__inner-container is-layout-constrained wp-block-group-is-layout-constrained\">\n<div class=\"wp-block-media-text alignwide is-stacked-on-mobile is-vertically-aligned-top has-black-color has-text-color\" style=\"grid-template-columns:46% auto\"><figure class=\"wp-block-media-text__media\"><img loading=\"lazy\" decoding=\"async\" width=\"673\" height=\"1024\" src=\"https:\/\/outinord.fr\/wp-content\/uploads\/2023\/10\/B10000-673x1024.png\" alt=\"\" class=\"wp-image-2420 size-full\" srcset=\"https:\/\/outinord.fr\/wp-content\/uploads\/2023\/10\/B10000-673x1024.png 673w, https:\/\/outinord.fr\/wp-content\/uploads\/2023\/10\/B10000-197x300.png 197w, https:\/\/outinord.fr\/wp-content\/uploads\/2023\/10\/B10000-768x1169.png 768w, https:\/\/outinord.fr\/wp-content\/uploads\/2023\/10\/B10000.png 849w\" sizes=\"auto, (max-width: 673px) 100vw, 673px\" \/><\/figure><div class=\"wp-block-media-text__content\">\n<h2 class=\"wp-block-heading has-luminous-vivid-orange-color has-text-color\">Les nouveaut\u00e9s de la B10000<\/h2>\n\n\n\n<ul class=\"has-black-color has-text-color wp-block-list\">\n<li class=\"has-medium-font-size\">Trappe \u00e0 ouverture assist\u00e9e Easytrappe\u00ae (Brevet Outinord)<\/li>\n\n\n\n<li class=\"has-medium-font-size\">Anneau de levage redimensionn\u00e9 pour charge accrue +70%<\/li>\n\n\n\n<li class=\"has-medium-font-size\">Poutre renforc\u00e9e et passage de tige en t\u00eate<\/li>\n\n\n\n<li class=\"has-medium-font-size\">\u00c9lingage depuis le sol<\/li>\n\n\n\n<li class=\"has-medium-font-size\">Peinture poudre, anti U.V et r\u00e9sistante aux chocs. Process respectueux de l\u2019environnement<\/li>\n\n\n\n<li class=\"has-medium-font-size\">Crochet support \u00e9lingue du compas<\/li>\n\n\n\n<li class=\"has-medium-font-size\">Support de communication<\/li>\n\n\n\n<li class=\"has-medium-font-size\">Bas de banche renforc\u00e9 pour coulage grande hauteur<\/li>\n\n\n\n<li class=\"has-medium-font-size\">Accrochage d\u2019\u00e9tais double niveau<\/li>\n\n\n\n<li class=\"has-medium-font-size\">Poign\u00e9e ergonomique incorpor\u00e9e \u00e0 la rive<\/li>\n\n\n\n<li class=\"has-medium-font-size\">V\u00e9rin ergonomique avec graisseur incorpor\u00e9<\/li>\n\n\n\n<li class=\"has-medium-font-size\">Broche imperdable g\u00e9n\u00e9ralis\u00e9e                            <\/li>\n<\/ul>\n\n\n\n<div class=\"wp-block-buttons has-custom-font-size has-medium-font-size is-layout-flex wp-block-buttons-is-layout-flex\">\n<div class=\"wp-block-button\"><a class=\"wp-block-button__link has-luminous-vivid-orange-background-color has-background wp-element-button\" href=\"https:\/\/outinord.fr\/pdf\/B10000SE\" target=\"_blank\" rel=\"noreferrer noopener\"><strong>Documentation compl\u00e8te en PDF<\/strong><\/a><\/div>\n<\/div>\n<\/div><\/div>\n\n\n\n<p><\/p>\n\n\n\n<div class=\"wp-block-columns is-layout-flex wp-container-core-columns-is-layout-9d6595d7 wp-block-columns-is-layout-flex\">\n<div class=\"wp-block-column is-layout-flow wp-block-column-is-layout-flow\"><div class=\"wp-block-image\">\n<figure class=\"aligncenter size-full\"><a href=\"https:\/\/outinord.fr\/pdf\/compas.pdf\"><img loading=\"lazy\" decoding=\"async\" width=\"250\" height=\"379\" src=\"https:\/\/outinord.fr\/wp-content\/uploads\/2023\/10\/compas-1.png\" alt=\"\" class=\"wp-image-2417\" srcset=\"https:\/\/outinord.fr\/wp-content\/uploads\/2023\/10\/compas-1.png 250w, https:\/\/outinord.fr\/wp-content\/uploads\/2023\/10\/compas-1-198x300.png 198w\" sizes=\"auto, (max-width: 250px) 100vw, 250px\" \/><\/a><\/figure>\n<\/div>\n\n\n<div class=\"wp-block-buttons is-content-justification-center is-layout-flex wp-container-core-buttons-is-layout-16018d1d wp-block-buttons-is-layout-flex\">\n<div class=\"wp-block-button\"><a class=\"wp-block-button__link has-luminous-vivid-orange-background-color has-background wp-element-button\" href=\"https:\/\/outinord.fr\/pdf\/compas.pdf\" target=\"_blank\" rel=\"noreferrer noopener\"><strong>Documentation compl\u00e8te en PDF<\/strong><\/a><\/div>\n<\/div>\n<\/div>\n\n\n\n<div class=\"wp-block-column is-layout-flow wp-block-column-is-layout-flow\"><div class=\"wp-block-image\">\n<figure class=\"aligncenter size-full\"><a href=\"https:\/\/outinord.fr\/pdf\/kale.pdf\"><img loading=\"lazy\" decoding=\"async\" width=\"250\" height=\"379\" src=\"https:\/\/outinord.fr\/wp-content\/uploads\/2023\/10\/kaleP-1.png\" alt=\"\" class=\"wp-image-2419\" style=\"object-fit:cover\" srcset=\"https:\/\/outinord.fr\/wp-content\/uploads\/2023\/10\/kaleP-1.png 250w, https:\/\/outinord.fr\/wp-content\/uploads\/2023\/10\/kaleP-1-198x300.png 198w\" sizes=\"auto, (max-width: 250px) 100vw, 250px\" \/><\/a><\/figure>\n<\/div>\n\n\n<div class=\"wp-block-buttons is-content-justification-center is-layout-flex wp-container-core-buttons-is-layout-16018d1d wp-block-buttons-is-layout-flex\">\n<div class=\"wp-block-button\"><a class=\"wp-block-button__link has-luminous-vivid-orange-background-color has-background wp-element-button\" href=\"https:\/\/outinord.fr\/pdf\/kale.pdf\" target=\"_blank\" rel=\"noreferrer noopener\"><strong>Documentation compl\u00e8te en PDF<\/strong><\/a><\/div>\n<\/div>\n<\/div>\n\n\n\n<div class=\"wp-block-column is-layout-flow wp-block-column-is-layout-flow\"><div class=\"wp-block-image\">\n<figure class=\"aligncenter size-full\"><a href=\"https:\/\/outinord.fr\/?page_id=3000\"><img loading=\"lazy\" decoding=\"async\" width=\"250\" height=\"379\" src=\"https:\/\/outinord.fr\/wp-content\/uploads\/2023\/10\/BancheTgifanim-2.gif\" alt=\"\" class=\"wp-image-3151\" style=\"aspect-ratio:0.6596306068601583;object-fit:cover\"\/><\/a><\/figure>\n<\/div>\n\n\n<div class=\"wp-block-buttons is-content-justification-center is-layout-flex wp-container-core-buttons-is-layout-16018d1d wp-block-buttons-is-layout-flex\">\n<div class=\"wp-block-button has-custom-width wp-block-button__width-75\"><a class=\"wp-block-button__link has-luminous-vivid-orange-background-color has-background wp-element-button\" href=\"https:\/\/outinord.fr\/?page_id=3000\"><strong>Plus d&rsquo;informations<\/strong><\/a><\/div>\n<\/div>\n<\/div>\n<\/div>\n<\/div><\/div>\n<\/div>\n\n\n\n<hr class=\"wp-block-separator has-alpha-channel-opacity\"\/>\n\n\n\n<figure class=\"wp-block-gallery has-nested-images columns-default is-cropped wp-block-gallery-1 is-layout-flex wp-block-gallery-is-layout-flex\">\n<figure class=\"wp-block-image size-large\"><a href=\"https:\/\/outinord.fr\/wp-content\/uploads\/2023\/10\/b10000chantier1.jpg\" target=\"_blank\" rel=\"noreferrer noopener\"><img loading=\"lazy\" decoding=\"async\" width=\"1024\" height=\"575\" data-id=\"2435\" src=\"https:\/\/outinord.fr\/wp-content\/uploads\/2023\/10\/b10000chantier1-1024x575.jpg\" alt=\"\" class=\"wp-image-2435\" srcset=\"https:\/\/outinord.fr\/wp-content\/uploads\/2023\/10\/b10000chantier1-1024x575.jpg 1024w, https:\/\/outinord.fr\/wp-content\/uploads\/2023\/10\/b10000chantier1-300x169.jpg 300w, https:\/\/outinord.fr\/wp-content\/uploads\/2023\/10\/b10000chantier1-768x432.jpg 768w, https:\/\/outinord.fr\/wp-content\/uploads\/2023\/10\/b10000chantier1-1536x863.jpg 1536w, https:\/\/outinord.fr\/wp-content\/uploads\/2023\/10\/b10000chantier1.jpg 1920w\" sizes=\"auto, (max-width: 1024px) 100vw, 1024px\" \/><\/a><\/figure>\n\n\n\n<figure class=\"wp-block-image size-large\"><a href=\"https:\/\/outinord.fr\/wp-content\/uploads\/2023\/10\/b10000chantier2.jpg\" target=\"_blank\" rel=\"noreferrer noopener\"><img loading=\"lazy\" decoding=\"async\" width=\"1024\" height=\"575\" data-id=\"2436\" src=\"https:\/\/outinord.fr\/wp-content\/uploads\/2023\/10\/b10000chantier2-1024x575.jpg\" alt=\"\" class=\"wp-image-2436\" srcset=\"https:\/\/outinord.fr\/wp-content\/uploads\/2023\/10\/b10000chantier2-1024x575.jpg 1024w, https:\/\/outinord.fr\/wp-content\/uploads\/2023\/10\/b10000chantier2-300x169.jpg 300w, https:\/\/outinord.fr\/wp-content\/uploads\/2023\/10\/b10000chantier2-768x432.jpg 768w, https:\/\/outinord.fr\/wp-content\/uploads\/2023\/10\/b10000chantier2-1536x863.jpg 1536w, https:\/\/outinord.fr\/wp-content\/uploads\/2023\/10\/b10000chantier2.jpg 1920w\" sizes=\"auto, (max-width: 1024px) 100vw, 1024px\" \/><\/a><\/figure>\n<\/figure>\n\n\n\n<hr class=\"wp-block-separator has-alpha-channel-opacity\"\/>\n\n\n\n<p class=\"has-text-align-center has-black-color has-text-color\"><strong><em>Pour plus d&rsquo;informations sur nos produits, contactez-nous :<\/em><\/strong><\/p>\n\n\n\n<div class=\"wp-block-columns alignfull has-text-color has-background is-layout-flex wp-container-core-columns-is-layout-9d6595d7 wp-block-columns-is-layout-flex\" style=\"color:#000000;background-color:#ffffff\">\n<div class=\"wp-block-column is-layout-flow wp-block-column-is-layout-flow\">\n<div class=\"wp-block-buttons is-content-justification-center is-layout-flex wp-container-core-buttons-is-layout-16018d1d wp-block-buttons-is-layout-flex\">\n<div class=\"wp-block-button has-custom-width wp-block-button__width-100 has-custom-font-size is-style-outline is-style-outline--2\" style=\"font-size:16px\"><a class=\"wp-block-button__link has-luminous-vivid-orange-color has-white-background-color has-text-color has-background has-text-align-center wp-element-button\" href=\"https:\/\/outinord.fr\/?page_id=299\" style=\"border-radius:100px\"><strong>OUTINORD<\/strong><\/a><\/div>\n<\/div>\n\n\n\n<p class=\"has-text-align-center\">392 Rue de Millonfosse<br>59230 SAINT-AMAND-LES-EAUX<br>Tel : +33 (0)3 27 23 83 83<br><a href=\"mailto:outinord@outinord.fr\">outinord@outinord.fr<\/a><\/p>\n<\/div>\n\n\n\n<div class=\"wp-block-column is-layout-flow wp-block-column-is-layout-flow\">\n<div class=\"wp-block-buttons is-content-justification-center is-layout-flex wp-container-core-buttons-is-layout-16018d1d wp-block-buttons-is-layout-flex\">\n<div class=\"wp-block-button has-custom-width wp-block-button__width-100 has-custom-font-size is-style-outline is-style-outline--3\" style=\"font-size:16px\"><a class=\"wp-block-button__link has-luminous-vivid-orange-color has-text-color wp-element-button\" href=\"https:\/\/outinord.fr\/?page_id=299\" style=\"border-radius:100px\"><strong>OUTINORD LOCATION<\/strong><\/a><\/div>\n<\/div>\n\n\n\n<p class=\"has-text-align-center\">392 Rue de Millonfosse<br>59230 SAINT-AMAND-LES-EAUX<br>Tel : +33 (0)3 27 48 58 74<br><a href=\"mailto:outinord-location@outinord.fr\">outinord-location@outinord.fr<\/a><\/p>\n<\/div>\n\n\n\n<div class=\"wp-block-column is-layout-flow wp-block-column-is-layout-flow\">\n<div class=\"wp-block-buttons is-layout-flex wp-block-buttons-is-layout-flex\">\n<div class=\"wp-block-button has-custom-width wp-block-button__width-100 has-custom-font-size is-style-outline is-style-outline--4\" style=\"font-size:16px\"><a class=\"wp-block-button__link has-luminous-vivid-orange-color has-text-color wp-element-button\" href=\"https:\/\/outinord.net\/\" style=\"border-radius:100px\" target=\"_blank\" rel=\"noreferrer noopener\"><strong>OUTINORD UNIVERSAL<\/strong><\/a><\/div>\n<\/div>\n\n\n\n<p class=\"has-text-align-center\">20200 W Dixie Hwy. Ste 809<br>Miami, FL 33180 &#8211; USA<br>Tel : +1 (305) 604 3494<br><a href=\"mailto:oui@outinord.net\">oui@outinord.net<\/a><\/p>\n<\/div>\n<\/div>\n\n\n\n<p class=\"has-text-align-center\"><img loading=\"lazy\" decoding=\"async\" width=\"233\" height=\"44\" class=\"wp-image-2438\" style=\"width: 233px;\" src=\"https:\/\/outinord.fr\/wp-content\/uploads\/2023\/10\/hotline.png\" alt=\"\"><\/p>\n\n\n\n<hr class=\"wp-block-separator has-alpha-channel-opacity\"\/>\n","protected":false},"excerpt":{"rendered":"<p>La Banche B10000 est la banche nouvelle g\u00e9n\u00e9ration d\u2019OUTINORD, compatible avec la gamme B8000. Encore plus performante, elle int\u00e8gre des outils con\u00e7us pour vous permettre d\u2019accroitre la productivit\u00e9 de vos \u00e9quipes de chantier et du service mat\u00e9riel. Cette banche est con\u00e7ue dans un souci permanent d\u2019ergonomie et de s\u00e9curit\u00e9. Les nouveaut\u00e9s de la B10000 Pour [&hellip;]<\/p>\n","protected":false},"author":1,"featured_media":0,"parent":0,"menu_order":0,"comment_status":"closed","ping_status":"closed","template":"fullwidth.php","meta":{"footnotes":""},"class_list":["post-117","page","type-page","status-publish","hentry"],"_links":{"self":[{"href":"https:\/\/outinord.fr\/index.php?rest_route=\/wp\/v2\/pages\/117","targetHints":{"allow":["GET"]}}],"collection":[{"href":"https:\/\/outinord.fr\/index.php?rest_route=\/wp\/v2\/pages"}],"about":[{"href":"https:\/\/outinord.fr\/index.php?rest_route=\/wp\/v2\/types\/page"}],"author":[{"embeddable":true,"href":"https:\/\/outinord.fr\/index.php?rest_route=\/wp\/v2\/users\/1"}],"replies":[{"embeddable":true,"href":"https:\/\/outinord.fr\/index.php?rest_route=%2Fwp%2Fv2%2Fcomments&post=117"}],"version-history":[{"count":159,"href":"https:\/\/outinord.fr\/index.php?rest_route=\/wp\/v2\/pages\/117\/revisions"}],"predecessor-version":[{"id":3155,"href":"https:\/\/outinord.fr\/index.php?rest_route=\/wp\/v2\/pages\/117\/revisions\/3155"}],"wp:attachment":[{"href":"https:\/\/outinord.fr\/index.php?rest_route=%2Fwp%2Fv2%2Fmedia&parent=117"}],"curies":[{"name":"wp","href":"https:\/\/api.w.org\/{rel}","templated":true}]}}